26
What is 10 + 10 + 6 + -17?
9
What is (-23 - -40) + 20 - 16?
21
Calculate (13 - (-13 + 16)) + 2 + -1 + -3.
8
Calculate -26 + (2 - -20) + -18.
-22
-38 + (66 - 33) + -10
-15
-23 + 40 + (5 - (-17 - -9))
30
-1 + -14 + (22 - -10)
17
-30 + 85 + (-24 - 10)
21
Evaluate -112 - -117 - (1 + -14).
18
(-5 - -5) + 14 - (-7 + 24 - 23)
20
Evaluate -6 + 16 - -6 - (4 - (-6 + 4)).
10
What is the value of -4 - (-9 - -12) - (8 - (4 + -4))?
-15
-31 + 35 + -1 + 4 + -18
-11
What is (-6 - (14 + -8)) + 25 - 6?
7
What is the value of (-7 + -8 - -14) + -3?
-4
What is -11 + 1 + 34 + 24 + -20?
28
(1 - -5) + 13 + -16 - (5 - 2)
0
Evaluate 14 + -1 + 342 + -352.
3
Evaluate (-20 - 1) + -544 + 568.
3
35 + -25 + 32 - 18
24
-15 + 16 + -7 - (14 + -1)
-19
What is -10 - -1 - (12 - 13)?
-8
-6 + -9 - (-1 - (1 + -1 + 3))
-11
-21 - (-23 - (-10 + 0)) - (1 + -23)
14
Calculate 599 + -636 + 21 + -2.
-18
What is the value of -24 + (-6 + 1 - (38 - 46)) + 4?
-17
Evaluate 7 + (9 - 20) - ((1 - 3) + 8).
-10
-6 + 3 - (3 - (15 - 12))
-3
-9 + 7 - (7 + 1)
-10
23 + 0 - (19 + 54 + -71)
21
Evaluate 12 + (-4 - (-1 + 5)) - 16.
-12
-8 + -25 + 13 + (-20 - -13)
-27
What is 14 + (-11 - (-9 + -5))?
17
5 - (-13 - (-1 + 7) - -14)
10
Evaluate 3 + -19 - -7 - -32 - (11 - 6).
18
Calculate (0 - -15) + -6 + 16 + -7 + 6.
24
Calculate -8 - (-35 + 25 - (2 - -19)).
23
4 + (-3 - 5) + (6 + -1 - 3)
-2
Calculate -12 + 4 + -23 + 23.
-8
What is -6 - (-2 + (-13 - -16 - (0 + 0)))?
-7
Calculate 0 + (4 - -8) + -1.
11
Calculate 40 + -76 + -44 + 72.
-8
-3 + (-8 - -9) + 3 + -1 + 3
3
(1 - -1 - -1) + (-391 - -404)
16
What is the value of (-13 - (-15 - -7)) + (-3 - 2) + 2?
-8
What is (1 + (-4 - -3) + -4 - -8) + 4?
8
-20 + (9 + -23 - -11)
-23
What is -23 + (33 - (-15 + 15))?
10
Evaluate 6 + 1 - (-13 + (9 - -14) + -14).
11
What is the value of (-11 - 0) + -160 + 166?
-5
What is 11 - (-5 + 1 + -2 - (103 - 106))?
14
What is (-3 - -1) + 6 - 4 - (-30 - -41)?
-11
Evaluate 4 + 0 + -4 + 30 + -44.
-14
What is (-1 - -3) + (-39 - -31) - (-2 + 0)?
-4
Calculate (2 - 4) + (4 + 2 - (-25 - -37)).
-8
Evaluate (-15 - (15 - 20 - 21)) + -23.
-12
What is 27 + -36 + 27 - (-2 + 6)?
14
-20 + -6 + 41 - 1
14
Evaluate 11 + 1 - (1 - -1 - (186 + -195)).
1
Evaluate 14 - 5 - (-3 + -5 + 24).
-7
Calculate (0 - 1 - 18) + (31 - (58 - 33)).
-13
What is the value of 24 - (28 + -16) - (10 + 11)?
-9
Evaluate -9 + (4 - -8) - (2 - 1).
2
What is (-2 - -1) + -1 + 8 + (-2 - 1)?
3
What is the value of (2 - (-7 + 9)) + 4 - 3 - 18?
-17
What is the value of 5 + (3 - (10 - 5 - -13))?
-10
9 + -10 + -7 + 5
-3
Calculate (7 - ((-2 - -14) + -6)) + (2 - 1).
2
What is (-17 - (8 + -9)) + -5 + -1 + 0?
-22
What is the value of (4 - 43) + (-15 - -31) - -13?
-10
Calculate 1 - (-11 - -12) - 7 - (0 - -2).
-9
-15 + 19 - (12 + 3 + -2)
-9
2 - (23 + (5 - 22) + (0 - 2))
-2
(6 - (20 - 1) - -6) + 22
15
(5 - (-2 - 2)) + (-35 - 3)
-29
Evaluate 21 + (-6 - 0) + -2 - 33.
-20
Calculate 1 + -2 + -1 - (30 - (17 - 0)).
-15
What is the value of 5 + (17 + (0 - 6) - 4) + -6?
6
What is the value of (29 - 24) + (-8 - -3) - -10?
10
Calculate 2 + (-11 - -12) + -10.
-7
Calculate 17 - (34 + -17 + 9).
-9
8 - ((26 - (11 + -5)) + -7)
-5
Calculate -5 + 0 + (-8 - -14 - (6 + 0)).
-5
Evaluate 2 + -6 + -8 + -7 + 7.
-12
-14 - ((1 - 2 - 6) + 2)
-9
What is the value of 7 + 7 + -16 + (56 - 41)?
13
What is 4 + (-1 - 3) - -14?
14
What is (15 - -6) + (0 - 12) + 10?
19
20 - (-18 + 24 + -1)
15
What is the value of -3 - 0 - (-23 + -11 + 22) - 5?
4
What is -11 + 16 - (-6 - -2 - (-1 + 5))?
13
(2 - 1) + (3 - 22) - (17 + -14)
-21
Evaluate (-4 - (21 + -9 + 5)) + -1.
-22
What is the value of 18 + 1 - (-80 + 67)?
32
What is -7 + 2 + (0 - -14) + 12?
21
Calculate 16 - (-15 - (-8 - 12)).
11
What is -17 + (5 - -8) + (23 - (-8 + 1))?
26
(14 - 7 - -9) + -4
12
Calculate 149 - 183 - (-8 - -3).
-29
Evaluate -2 - -29 - (40 + -11).
-2
-14 - (-2 + 5 + -1 - 9) - -5
-2
Calculate -9 + (2 - 18 - (-77 - -69)).
-17
6 + (-6 - -8) + 3
11
Calculate 15 + 0 + (-74 - (-158 - -72)).
27
What is the value of 30 - (-15 + (-7 - -25) - -14)?
13
-6 - (-4 - -6 - (-30 - -33))
-5
What is the value of -7 + -3 + 3 + 8 + -11?
-10
What is -8 - (-7 + 2 - -3) - (-47 + 37)?
4
Calculate 1 + 2 + -8 - (2 + (-20 - -26)).
-13
Calculate -26 + (-15 - -31) - -2 - 7.
-15
What is the value of 80 + -94 - (0 - 42)?
28
What is 12 - ((-9 + 3 - (-3 - 3)) + 3)?
9
What is 90 + -88 + (-2 - 8) + (-1 - 0)?
-9
Evaluate -19 + (12 - (13 + -9)).
-11
What is (-8 - -1 - (13 + -23)) + -7 - -5?
1
Evaluate -2 + -3 - ((5 - 11) + (-9 - -16)).
-6
What is 11 - 0 - (-9 - (-25 + 17))?
12
(-2 - (2 - -3) - 21) + 4
-24
What is -20 - (-38 + 10) - (-1 - -23)?
-14
What is the value of 17 - (11 + (-12 - -3 - -12))?
3
Calculate 11 + (-32 - (19 + -44)).
4
(14 - 15 - (-8 - -20)) + 1
-12
Calculate -12 + 1 + 1 + 4.
-6
Evaluate -14 + (2 + -8 - -29).
9
21 + 1 + -9 + 139 + -135
17
Calculate (29 - 36) + (-1 - -4) + 7 + -5.
-2
What is the value of -3 + (52 + -45 - (14 + 2 + -3))?
-9
Evaluate (1 - 7) + (-21 - -29) + -17.
-15
What is the value of -5 + -2 + -11 + 8 + -7 + 47?
30
-5 + (40 - 4) + -32
-1
Evaluate 5 - (4 + -3) - (-13 - (-7 + -4)).
6
Calculate -21 + -3 + 0 - -35.
11
What is the value of -14 - (-9 + 10 - 24)?
9
Calculate -39 + -9 + 40 + -21.
-29
Calculate -29 + -8 + (-15 - -58).
6
Evaluate 19 + 24 + -46 + 6.
3
(-141 - -126) + (10 - 2)
-7
Evaluate 6 + 1 + (9 - (15 - 8)) - 6.
3
Evaluate 17 - ((26 - 17) + 32).
-24
Calculate -1 - -7 - ((31 - -1) + -45).
19
Calculate (-26 + 6 - -34) + -9.
5
What is (-8 - (-2 + 1 - (-5 - -4))) + 21?
13
2 + -8 + (-4 - -8 - 14) + 41
25
(1 - 18) + (484 - 488)
-21
What is the value of -3 + -17 + (27 - 5)?
2
What is 19 - (-11 + (3 - -17))?
10
Calculate (-29 - -20) + 1 + 9 - 11.
-10
Evaluate 14 - ((-9 + -2 - -21 - 14) + 0).
18
What is -15 + (-2 + -9 - 1) + 21?
-6
What is the value of (-23 - -13 - -15) + 2?
7
What is 19 + -3 + 9 + -15?
10
Evaluate 16 - 13 - (2 + 9 - 20).
12
What is -28 + 2 + (-137 - -127)?
-36
What is the value of 11 + (-5 - (3 - 4)) + (-16 - -17)?
8
What is the value of 15 + -11 + (0 - 13) + (28 - 34)?
-15
Evaluate 38 - (13 + -5) - 34.
-4
Evaluate 51 + 84 + -103 - (19 - 0).
13
Calculate -3 - (-42 + 1) - (-440 + 452).
26
Evaluate -11 - (0 - (-1 + 1)) - (-5776 + 5789).
-24
Evaluate -39 + (6 - (26 - 13)) + 21.
-25
(6 - -1 - 5) + (18 - 9)
11
What is the value of 24 + 2 - ((90 - 81) + (1 - 15))?
31
-46 - (-47 - -2) - (-1 + 1 + -1)
0
-14 - (-10 + (13 - 5))
-12
Calculate 4 + 10 + 2 + (1 - -2).
19
Evaluate -13 + 6 + (7 - 8).
-8
Evaluate -7 + (-15 - -18) + -3 + 9 + -3.
-1
Calculate 14 + -17 - (-17 - (12 - 1)).
25
-4 + -11 + (-6 - -17 - -12)
8
8 - 12 - 11 - (-1 - 5)
-9
Calculate (2 - 7 - -1 - -3 - -10) + 5.
14
(9 - 0) + -2 + (-12 - 1)
-6
-14 + 16 + -5 + -2
-5
What is the value of (1 - -8) + (-2 - 5 - 2)?
0
What is -69 + (40 - -6) + 40?
17
What is 8 - (-1 + -2 + -11 + 4)?
18
Evaluate -12 + 7 + 8 + 18.
21
Evaluate -1 + (-11 - -21) - 11 - (1 + -2).
-1
-9 - (-16 - -10 - -17 - 11)
-9
What is -3 + -4 - (-3 + (-9 - -27) - 7)?
-15
Evaluate -10 + -1 + 62 + -56 - -22.
17
What is 12 - (-13 + 7 + 30)?
-12
(-12 - (-19 + -12)) + (5 - (2 - 0))
22
Evaluate 11 + 8 - 14 - (1 - 8).
12
What is -102 - -105 - (1 - -2 - -8)?
-8
What is the value of 0 - 8 - (-253 - -239)?
6
What is (3 - 0) + 0 - (5 + (11 - 11))?
-2
Evaluate -7 - -14 - (5 - 3 - 6).
11
Calculate (-1 - -2) + 2 + (17 - 8 - 13).
-1
(-9 - -4) + 10 + 7
12
What is the value of 7 + 4 + 2 + 0 + -10?
3
What is the value of -15 + -8 - (1 + -3)?
-21
Calculate (14 - (5 + (20 - 7))) + -28 + 0.
-32
Calculate (0 + 24 - 8) + -11.
5
What is 1 - 9 - (175 + -191) - (-7 + 1)?
14
What is the value of -8 + 2 + -15 - -7 - 4?
-18
Evaluate 9 + 2 + 43 + -43.
11
-16 + -15 + 18 - (2 + -17)
2
Evaluate (1 + 5 - (22 - 9 - 11)) + -2.
2
Calculate 11 + (2 - -1 - (-11 + 10 - 0)).
15
Calculate 26 + (2 - (31 + -14) - -12).
23
What is (7 - (-4 - (2 + 4 + -12))) + -3?
2
Evaluate (-15 - -9) + -2 + 8.
0
What is the value of -9 - (0 - (24 + 4))?
19
What is (-2 - -8 - 10) + 7?
3
Evaluate 10 + (-37 - (9 - 18)).
-18
Evaluate (57 - 53) + (0 - 0) + -9.
-5
What is 7 + (-23 + 35 - (0 + -1 - -1))?
19
7 - (-1 - (10 + -20 + 4 + 6))
8
What is the value of (84 - 102) + 1 + 20?
3
-9 - 1 - -1 - (15 - 12 - -3)
-15
What is (-265 - -259) + (-5 - -1) - (1 - 7)?
-4
Calculate -11 + 3 + 16 + -15 + 2 + -7.
-12
Calculate